{"id":90,"date":"2022-05-24T17:43:01","date_gmt":"2022-05-24T15:43:01","guid":{"rendered":"https:\/\/logenexcalibur.se\/?page_id=90"},"modified":"2026-03-16T18:29:46","modified_gmt":"2026-03-16T16:29:46","slug":"referat","status":"publish","type":"page","link":"https:\/\/logenexcalibur.se\/index.php\/referat\/","title":{"rendered":"Referat"},"content":{"rendered":"\n\n\t<h3><strong>Mer \u00e4n 15 \u00e5r av logen Excaliburs historia <img loading=\"lazy\" decoding=\"async\" src=\"https:\/\/logenexcalibur.se\/wp-content\/uploads\/2023\/01\/paper-2027692__340-300x285.webp\" alt=\"\" width=\"221\" height=\"210\" \/><\/strong><\/h3>\n\t<h2>2026<\/h2>\n<p><a href=\"https:\/\/logenexcalibur.se\/wp-content\/uploads\/2026\/03\/26-03-04-Eubatmote-m-amb.inst_.pdf\">26-03-04 Eubatm\u00f6te m \u00e4mb.inst<\/a><\/p>\n\t<h2>2024<\/h2>\n<a href=\"https:\/\/logenexcalibur.se\/wp-content\/uploads\/2024\/12\/24-12-06-Eubatmote-m-jul.pdf\">12-06 Eubatm\u00f6te m damer<\/a><br \/>\n<a href=\"https:\/\/logenexcalibur.se\/wp-content\/uploads\/2024\/11\/24-11-06-EU-mote.pdf\">24-11-06 EU-m\u00f6te<\/a><br \/>\n<a href=\"https:\/\/logenexcalibur.se\/wp-content\/uploads\/2024\/10\/24-10-16-Bardating.pdf\">24-10-16 Bardating<\/a><br \/>\n<a href=\"https:\/\/logenexcalibur.se\/wp-content\/uploads\/2024\/10\/24-09-18-Eubatmote.pdf\">24-09-18 Eubatm\u00f6te<\/a><br \/>\n<a href=\"https:\/\/logenexcalibur.se\/wp-content\/uploads\/2024\/06\/24-05-31-Examen-i-Excalibur.pdf\" target=\"_blank\" rel=\"noopener\">24-05-31 Utem\u00f6te<\/a><br \/>\n<a href=\"https:\/\/logenexcalibur.se\/wp-content\/uploads\/2024\/04\/24-04-17-arsdag.pdf\" target=\"_blank\" rel=\"noopener\">24-04-17 \u00c5rsdag<\/a><br \/>\n<a href=\"https:\/\/logenexcalibur.se\/wp-content\/uploads\/2024\/03\/24-03-20-ambetsmannainst.pdf\">24-03-20 \u00c4mbetsmannainstallation<\/a><br \/>\n<a href=\"https:\/\/logenexcalibur.se\/wp-content\/uploads\/2024\/03\/24-03-06-Eubatmote.pdf\">24-03-06 Eubatm\u00f6te<\/a><br \/>\n<a href=\"https:\/\/logenexcalibur.se\/wp-content\/uploads\/2024\/03\/24-02-21-Eubatmote-m-rec.pdf\">24-02-21 Eubatm\u00f6te m rec<\/a><br \/>\n<a href=\"https:\/\/logenexcalibur.se\/wp-content\/uploads\/2024\/03\/24-01-12-Eubatmote-m-rec.pdf\">24-01-12 Eubatm\u00f6te m rec<\/a>\n\t<h2>2025<\/h2>\n<a href=\"https:\/\/logenexcalibur.se\/wp-content\/uploads\/2026\/03\/Excaliburs-julmote-med-godsaker-12-december-2025.pdf\">25-12-12 Eubatm\u00f6te m godsaker<\/a><br \/>\n<a href=\"https:\/\/logenexcalibur.se\/wp-content\/uploads\/2025\/10\/25-09-26-Eubatmote-och-Druidstamma-1.pdf\">25-09-26 Eubatm\u00f6te och Druidst\u00e4mma<\/a><br \/>\n<a href=\"https:\/\/logenexcalibur.se\/wp-content\/uploads\/2025\/10\/25-09-03-Eubatmote.pdf\">25-09-03 Eubatm\u00f6te<\/a><br \/>\n<a href=\"https:\/\/logenexcalibur.se\/wp-content\/uploads\/2025\/10\/25-05-29-Terminsavslutning.pdf\">25-05-29 Terminsavslutning<\/a><br \/>\n<a href=\"https:\/\/logenexcalibur.se\/wp-content\/uploads\/2025\/10\/25-05-07-Druidstamma-och-Bardating.pdf\">25-05-07 Druidst\u00e4mma och Bardating<\/a><br \/>\n<a href=\"https:\/\/logenexcalibur.se\/wp-content\/uploads\/2025\/03\/25-03-05-Eubatmote.pdf\">25-03-05 Eubatm\u00f6te<\/a><br \/>\n<a href=\"https:\/\/logenexcalibur.se\/wp-content\/uploads\/2025\/02\/25-02-19-Eubatmote-m-rec.pdf\">25-02-19 Eubatm\u00f6te med reception<\/a><br \/>\n<a href=\"https:\/\/logenexcalibur.se\/wp-content\/uploads\/2025\/02\/25-01-15-Eubatmote.pdf\">25-01-15 Eubatm\u00f6te<\/a><br \/>\n<a href=\"https:\/\/logenexcalibur.se\/wp-content\/uploads\/2025\/02\/Bremen.pdf\">Bremen 2025<\/a>\n\t<h2>2022<\/h2>\n<a href=\"https:\/\/logenexcalibur.se\/wp-content\/uploads\/2023\/01\/22-12-09-Eubatmote-m-jultema-1.pdf\">22-12-09 Eubatm\u00f6te m jultema <\/a><br \/>\n<a href=\"https:\/\/logenexcalibur.se\/wp-content\/uploads\/2023\/01\/22-11-30-Druidstamma-m-gradgivn.pdf\">22-11-30 Druidst\u00e4mma m gradgivn<\/a><br \/>\n<a href=\"https:\/\/logenexcalibur.se\/wp-content\/uploads\/2023\/01\/22-11-16-Eubatmote-m-rec.pdf\">22-11-16 Eubatm\u00f6te m rec<\/a><br \/>\n<a href=\"https:\/\/logenexcalibur.se\/wp-content\/uploads\/2022\/11\/22-11-02-Eubatmote.pdf\">22-11-02 Eubatm\u00f6te<\/a><br \/>\n<a href=\"https:\/\/logenexcalibur.se\/wp-content\/uploads\/2022\/10\/22-09-21-Eubatmote-m-rec.pdf\">22-09-21 Eubatm\u00f6te m rec<\/a><br \/>\n<a href=\"https:\/\/logenexcalibur.se\/wp-content\/uploads\/2022\/09\/22-08-30-Eubatmote.pdf\" target=\"_blank\" rel=\"noopener\">22-08-30 Eubatm\u00f6te<\/a><br \/>\n<a href=\"https:\/\/logenexcalibur.se\/wp-content\/uploads\/2022\/11\/22-04-20-stiftelsedag.pdf\">22-04-20 stiftelsedag<\/a><br \/>\n<a href=\"https:\/\/logenexcalibur.se\/wp-content\/uploads\/2022\/05\/22-03-16-EubatmoteAK-inst.pdf\">22-03-16 Eubatm\u00f6te+\u00c4K-inst<\/a><br \/>\n<a href=\"https:\/\/logenexcalibur.se\/wp-content\/uploads\/2022\/11\/22-02-16-Eubatmote.pdf\">22-02-16 Eubatm\u00f6te<\/a>\n\t<h2>2023<\/h2>\n<p>Inga m\u00f6ten p\u00e5 grund av Coronapandemi<\/p>\n\t<h2>2020<\/h2>\n<a href=\"https:\/\/logenexcalibur.se\/wp-content\/uploads\/2022\/11\/20-07-15-Corona-eller-inte-1.pdf\">20-07-15 Corona eller inte<\/a><br \/>\n<a href=\"https:\/\/logenexcalibur.se\/wp-content\/uploads\/2022\/11\/20-02-19-Eubatmote-med-reception-20.pdf\">20-02-19 Eubatm\u00f6te med reception 20<\/a><br \/>\n<a href=\"https:\/\/logenexcalibur.se\/wp-content\/uploads\/2022\/06\/20-01-29-Druidstamma.pdf\">20-01-29 Druidstamma<\/a><br \/>\n<a href=\"https:\/\/logenexcalibur.se\/wp-content\/uploads\/2022\/06\/20-01-15-Eubatmote-med-parentation.pdf\">20-01-15 Eubatm\u00f6te med parentation<\/a>\n<p>&nbsp;<\/p>\n<p>&nbsp;<\/p>\n\t<h2>2021<\/h2>\n<a href=\"https:\/\/logenexcalibur.se\/wp-content\/uploads\/2022\/11\/21-11-17-Eubatmote-m-reception.pdf\">21-11-17 Eubatm\u00f6te m reception<\/a><br \/>\n<a href=\"https:\/\/logenexcalibur.se\/wp-content\/uploads\/2022\/11\/21-10-20-Bardating-m-gradgivn.pdf\">21-10-20 Bardating m gradgivn<\/a><br \/>\n<a href=\"https:\/\/logenexcalibur.se\/wp-content\/uploads\/2022\/11\/21-09-29-Druidstamma.pdf\">21-09-29 Druidst\u00e4mma<\/a><br \/>\n<a href=\"https:\/\/logenexcalibur.se\/wp-content\/uploads\/2022\/11\/21-09-01-Eubatmote.pdf\">21-09-01 Eubatm\u00f6te<\/a>\n\t\t\t\t<img loading=\"lazy\" decoding=\"async\" src=\"https:\/\/logenexcalibur.se\/wp-content\/uploads\/2022\/05\/hand-5431113__340-150x150.png\" alt=\"hand-5431113__340\" itemprop=\"image\" height=\"150\" width=\"150\" title=\"hand-5431113__340\" onerror=\"this.style.display='none'\"  \/>\n\t<h2>2018<\/h2>\n<a href=\"https:\/\/logenexcalibur.se\/wp-content\/uploads\/2022\/11\/18-12-14-Julslips-var-anbefalld.pdf\">18-12-14 Julslips var anbefalld<\/a><br \/>\n<a href=\"https:\/\/logenexcalibur.se\/wp-content\/uploads\/2022\/09\/18-10-31-11-21-DS-BT-EU-1.pdf\">18-10-31&#8211;11-21 DS BT EU<\/a><br \/>\n<a href=\"https:\/\/logenexcalibur.se\/wp-content\/uploads\/2022\/11\/18-09-19-Eubatmoten.pdf\">18-09-19 Eubatm\u00f6ten<\/a><br \/>\n<a href=\"https:\/\/logenexcalibur.se\/wp-content\/uploads\/2022\/11\/18-05-23-Eubatmote.pdf\">18-05-23 Eubatm\u00f6te m vin, kvinnor&#8230;<\/a><br \/>\n<a href=\"https:\/\/logenexcalibur.se\/wp-content\/uploads\/2022\/11\/Druider-utan-tak-over-huvudet.pdf\">18-05-10 Druider utan tak \u00f6ver huvudet<\/a><br \/>\n<a href=\"https:\/\/logenexcalibur.se\/wp-content\/uploads\/2022\/11\/18-04-20-21.-Odysse-till-Arvika.pdf\">18-04-20-21. Odyss\u00e9 till Arvika<\/a><br \/>\n<a href=\"https:\/\/logenexcalibur.se\/wp-content\/uploads\/2022\/09\/18-04-04-Eubatmote-o-stiftelsedag.pdf\">18-04-04 Eubatm\u00f6te o stiftelsedag<\/a><br \/>\n<a href=\"https:\/\/logenexcalibur.se\/wp-content\/uploads\/2022\/11\/18-03-21-Eubatmote-m-ambetsm..pdf\">18-03-21 Eubatm\u00f6te m \u00e4mbetsm.<\/a><br \/>\n<a href=\"https:\/\/logenexcalibur.se\/wp-content\/uploads\/2022\/11\/18-01-31-DS-18-02-21-Eu.pdf\">18-01-31 DS 18-02-21 Eu<\/a>\n\t<h2>2019<\/h2>\n<a href=\"https:\/\/logenexcalibur.se\/wp-content\/uploads\/2022\/06\/19-12-18-Kanon-och-kalkon-hos-Excalibur.pdf\">19-12-18 Kanon och kalkon hos Excalibur<\/a><br \/>\n<a href=\"https:\/\/logenexcalibur.se\/wp-content\/uploads\/2022\/11\/19-11-06-Eubatmote-m-reception.pdf\">19-11-06 Eubatm\u00f6te m reception<\/a><br \/>\n<a href=\"https:\/\/logenexcalibur.se\/wp-content\/uploads\/2022\/06\/19-10-16-Druidstamma-och-Bardating.pdf\">19-10-16 Druidstamma och Bardating<\/a><br \/>\n<a href=\"https:\/\/logenexcalibur.se\/wp-content\/uploads\/2022\/11\/19-09-18-Eubatmote-och-Druidstamma.pdf\">19-09-18 Eubatm\u00f6te och Druidst\u00e4mma<\/a><br \/>\n<a href=\"https:\/\/logenexcalibur.se\/wp-content\/uploads\/2022\/06\/19-05-29-Eubatmote-och-Druidstamma.pdf\">19-05-29 Eubatmote och Druidstamma<\/a><br \/>\n<a href=\"https:\/\/logenexcalibur.se\/wp-content\/uploads\/2022\/06\/19-04-03-Eubatmote-o-stiftelsedag.pdf\">19-04-03 Eubatmote o stiftelsedag<\/a><br \/>\n<a href=\"https:\/\/logenexcalibur.se\/wp-content\/uploads\/2022\/11\/19-03-20-Eubatmote.pdf\">19-03-20 Eubatm\u00f6te<\/a><br \/>\n<a href=\"https:\/\/logenexcalibur.se\/wp-content\/uploads\/2022\/11\/19-02-20-Eubatmote-m-rec.pdf\">19-02-20 Eubatm\u00f6te m rec<\/a><br \/>\n<a href=\"https:\/\/logenexcalibur.se\/wp-content\/uploads\/2022\/09\/19-01-16-Eubatmote.pdf\">19-01-16 Eubatmote<\/a>\n\t<h2>2016<\/h2>\n<a href=\"https:\/\/logenexcalibur.se\/wp-content\/uploads\/2022\/09\/16-11-30-16-12-07-Druidstamma-Eubat.pdf\">16-11-30, 16-12-07 Druidstamma, Eubat<\/a><br \/>\n<a href=\"https:\/\/logenexcalibur.se\/wp-content\/uploads\/2023\/01\/16-11-16-Eubatmote-med-reception.pdf\">16-11-16 Eubatm\u00f6te med reception<\/a><br \/>\n<a href=\"https:\/\/logenexcalibur.se\/wp-content\/uploads\/2022\/09\/16-10-19-Druidstamma-Bardating.pdf\">16-10-19 Druidstamma Bardating<\/a><br \/>\n<a href=\"https:\/\/logenexcalibur.se\/wp-content\/uploads\/2022\/09\/16-09-21-Eubatmote.pdf\">16-09-21 Eubatmote<\/a><br \/>\n<a href=\"https:\/\/logenexcalibur.se\/wp-content\/uploads\/2022\/09\/16-05-18-Eubatmote.pdf\">16-05-18 Eubatm\u00f6te<\/a><br \/>\n<a href=\"https:\/\/logenexcalibur.se\/wp-content\/uploads\/2022\/09\/16-04-06-Eubatmote-och-stiftelsedag.pdf\">16-04-06 Eubatmote och stiftelsedag<\/a><br \/>\n<a href=\"https:\/\/logenexcalibur.se\/wp-content\/uploads\/2022\/09\/16-03-16-Eubatmote-m-amb-mannainst.pdf\">16-03-16 Eubatm\u00f6te m \u00e4mb mannainst<\/a><br \/>\n<a href=\"https:\/\/logenexcalibur.se\/wp-content\/uploads\/2022\/09\/16-02-03-Druid-o-eubatrec-i-februari.pdf\">16-02-03 Druid o eubatrec i februari<\/a>\n\t<h2>2017<\/h2>\n<a href=\"https:\/\/logenexcalibur.se\/wp-content\/uploads\/2022\/09\/17-12-15-Eubatmote.pdf\">17-12-15 Eubatmote<\/a><br \/>\n<a href=\"https:\/\/logenexcalibur.se\/wp-content\/uploads\/2022\/09\/17-11-15-Eubatmote-med-reception.pdf\">17-11-15 Eubatmote med reception<\/a><br \/>\n<a href=\"https:\/\/logenexcalibur.se\/wp-content\/uploads\/2022\/11\/17-08-30-Eubatmote.pdf\">17-08-30 Eubatm\u00f6te<\/a><br \/>\n<a href=\"https:\/\/logenexcalibur.se\/wp-content\/uploads\/2022\/09\/17-05-03-Eubatmote-med-damer.pdf\">17-05-03 Eubatmote med damer<\/a><br \/>\n<a href=\"https:\/\/logenexcalibur.se\/wp-content\/uploads\/2022\/11\/17-04-05-Eubatmote-och-stiftelsedag.pdf\">17-04-05 Eubatm\u00f6te och stiftelsedag<\/a><br \/>\n<a href=\"https:\/\/logenexcalibur.se\/wp-content\/uploads\/2022\/09\/17-03-15-Bardating.pdf\">17-03-15 Bardating<\/a><br \/>\n<a href=\"https:\/\/logenexcalibur.se\/wp-content\/uploads\/2022\/09\/17-02-15-Eubatmote.pdf\">17-02-15 Eubatm\u00f6te<\/a><br \/>\n<a href=\"https:\/\/logenexcalibur.se\/wp-content\/uploads\/2022\/09\/17-02-01-Druidstamma.pdf\">17-02-01 Druidst\u00e4mma<\/a><br \/>\n<a href=\"https:\/\/logenexcalibur.se\/wp-content\/uploads\/2022\/09\/17-01-18-Eubatmote.pdf\">17-01-18 Eubatm\u00f6te<\/a>\n\t<h2>2014<\/h2>\n<a href=\"https:\/\/logenexcalibur.se\/wp-content\/uploads\/2022\/10\/14-12-17-Eubatmote.pdf\">14-12-17 Eubatm\u00f6te<\/a><br \/>\n<a href=\"https:\/\/logenexcalibur.se\/wp-content\/uploads\/2022\/10\/14-11-19-Eubatmote-m-reception.pdf\">14-11-19 Eubatm\u00f6te m reception<\/a><br \/>\n<a href=\"https:\/\/logenexcalibur.se\/wp-content\/uploads\/2022\/10\/14-10-01-Eubatmote.pdf\">14-10-01 Eubatm\u00f6te<\/a><br \/>\n<a href=\"https:\/\/logenexcalibur.se\/wp-content\/uploads\/2022\/10\/14-09-03-Eubatmote.pdf\">14-09-03 Eubatm\u00f6te<\/a><br \/>\n<a href=\"https:\/\/logenexcalibur.se\/wp-content\/uploads\/2022\/10\/14-05-07-Eubatmote.pdf\">14-05-07 Eubatm\u00f6te<\/a><br \/>\n<a href=\"https:\/\/logenexcalibur.se\/wp-content\/uploads\/2022\/10\/14-04-02-Eubatmote-m-reception.pdf\">14-04-02 Eubatm\u00f6te m reception<\/a><br \/>\n<a href=\"https:\/\/logenexcalibur.se\/wp-content\/uploads\/2022\/10\/14-03-05-Eubatmote.pdf\">14-03-05 Eubatm\u00f6te<\/a><br \/>\n<a href=\"https:\/\/logenexcalibur.se\/wp-content\/uploads\/2022\/10\/14-02-05-Druidstamma-med-gradgivning.pdf\">14-02-05 Druidst\u00e4mma med gradgivning<\/a><br \/>\n<a href=\"https:\/\/logenexcalibur.se\/wp-content\/uploads\/2022\/10\/14-01-15-Bardating-och-eubatmote.pdf\">14-01-15 Bardating och eubatm\u00f6te<\/a>\n\t<h2>2015<\/h2>\n<a href=\"https:\/\/logenexcalibur.se\/wp-content\/uploads\/2022\/09\/15-12-16-Eubatmote.pdf\">15-12-16 Eubatm\u00f6te<\/a><br \/>\n<a href=\"https:\/\/logenexcalibur.se\/wp-content\/uploads\/2022\/10\/15-11-18-Druidstamma-med-gradgivning.pdf\">15-11-18 Druidst\u00e4mma med gradgivning<\/a><br \/>\n<a href=\"https:\/\/logenexcalibur.se\/wp-content\/uploads\/2022\/09\/15-11-04-Eubatmote-utan-reception.pdf\">15-11-04 Eubatm\u00f6te utan reception<\/a><br \/>\n<a href=\"https:\/\/logenexcalibur.se\/wp-content\/uploads\/2022\/09\/15-10-21-Druidstamma-och-Bardating.pdf\">15-10-21 Druidst\u00e4mma och Bardating<\/a><br \/>\n<a href=\"https:\/\/logenexcalibur.se\/wp-content\/uploads\/2022\/09\/15-09-30-Eubatmote.pdf\">15-09-30 Eubatm\u00f6te<\/a><br \/>\n<a href=\"https:\/\/logenexcalibur.se\/wp-content\/uploads\/2022\/09\/15-05-06-Eubatmote.pdf\">15-05-06 Eubatm\u00f6te<\/a><br \/>\n<a href=\"https:\/\/logenexcalibur.se\/wp-content\/uploads\/2022\/09\/15-04-15-Stiftelsedag-med-hedersbetygelser.pdf\">15-04-15 Stiftelsedag med hedersbetygelser<\/a><br \/>\n<a href=\"https:\/\/logenexcalibur.se\/wp-content\/uploads\/2022\/09\/15-04-01-Eubatmote-m-reception.pdf\">15-04-01 Eubatm\u00f6te m reception<\/a><br \/>\n<a href=\"https:\/\/logenexcalibur.se\/wp-content\/uploads\/2022\/10\/15-03-04-Druidstamma-Bardating.pdf\">15-03-04 Druidst\u00e4mma &amp; Bardating<\/a><br \/>\n<a href=\"https:\/\/logenexcalibur.se\/wp-content\/uploads\/2022\/10\/15-02-18-Eubatmote.pdf\">15-02-18 Eubatm\u00f6te<\/a><br \/>\n<a href=\"https:\/\/logenexcalibur.se\/wp-content\/uploads\/2022\/10\/15-01-22-Eubatmote.pdf\">15-01-22 Eubatm\u00f6te<\/a>\n\t<h2>2012<\/h2>\n<a href=\"https:\/\/logenexcalibur.se\/wp-content\/uploads\/2022\/10\/12-12-05-Druidstamma-och-eubatmote.pdf\">12-12-05 Druidst\u00e4mma och eubatm\u00f6te<\/a><br \/>\n<a href=\"https:\/\/logenexcalibur.se\/wp-content\/uploads\/2022\/10\/12-11-21-Eubatmote-m-reception.pdf\">12-11-21 Eubatm\u00f6te m reception<\/a><br \/>\n<a href=\"https:\/\/logenexcalibur.se\/wp-content\/uploads\/2022\/10\/12-11-07-Druidstamma-och-eubatmote.pdf\">12-11-07 Druidst\u00e4mma och eubatm\u00f6te<\/a><br \/>\n<a href=\"https:\/\/logenexcalibur.se\/wp-content\/uploads\/2022\/10\/12-10-03-Bardating-och-eubatmote.pdf\">12-10-03 Bardating och eubatm\u00f6te<\/a><br \/>\n<a href=\"https:\/\/logenexcalibur.se\/wp-content\/uploads\/2022\/10\/12-09-05-Druidstamma-och-eubatmote.pdf\">12-09-05 Druidst\u00e4mma och eubatm\u00f6te<\/a><br \/>\n<a href=\"https:\/\/logenexcalibur.se\/wp-content\/uploads\/2022\/10\/12-05-16-Eubatmote.pdf\">12-05-16 Eubatm\u00f6te<\/a><br \/>\n<a href=\"https:\/\/logenexcalibur.se\/wp-content\/uploads\/2022\/10\/12-04-18-Eubatmote-och-stiftelsedag.pdf\">12-04-18 Eubatm\u00f6te och stiftelsedag<\/a><br \/>\n<a href=\"https:\/\/logenexcalibur.se\/wp-content\/uploads\/2022\/10\/12-04-04-Eubatmote-m-reception.pdf\">12-04-04 Eubatm\u00f6te m reception<\/a><br \/>\n<a href=\"https:\/\/logenexcalibur.se\/wp-content\/uploads\/2022\/10\/12-03-21-Eubatmote-och-ambetsmannainstallation.pdf\">12-03-21 Eubatm\u00f6te och \u00e4mbetsmannainstallation<\/a><br \/>\n<a href=\"https:\/\/logenexcalibur.se\/wp-content\/uploads\/2022\/10\/12-02-29-Druidstamma-med-gradgivning.pdf\">12-02-29 Druidst\u00e4mma med gradgivning<\/a><br \/>\n<a href=\"https:\/\/logenexcalibur.se\/wp-content\/uploads\/2022\/10\/12-02-01-Druidstamma-och-Eubatmote.pdf\">12-02-01 Druidst\u00e4mma och Eubatm\u00f6te<\/a><br \/>\n<a href=\"https:\/\/logenexcalibur.se\/wp-content\/uploads\/2022\/10\/12-01-18-Bardating-och-eubatmote.pdf\">12-01-18 Bardating och eubatm\u00f6te<\/a>\n\t<h2>2013<\/h2>\n<a href=\"https:\/\/logenexcalibur.se\/wp-content\/uploads\/2022\/10\/13-12-18-Druidstamma-och-Eubatmote.pdf\">13-12-18 Druidst\u00e4mma och Eubatm\u00f6te<\/a><br \/>\n<a href=\"https:\/\/logenexcalibur.se\/wp-content\/uploads\/2022\/10\/13-11-20-Eubatmote-m-reception.pdf\">13-11-20 Eubatm\u00f6te m reception<\/a><br \/>\n<a href=\"https:\/\/logenexcalibur.se\/wp-content\/uploads\/2022\/10\/13-11-06-Druidstamma-och-eubatmote.pdf\">13-11-06 Druidst\u00e4mma och eubatm\u00f6te<\/a><br \/>\n<a href=\"https:\/\/logenexcalibur.se\/wp-content\/uploads\/2022\/10\/13-10-02-Bardating-och-eubatmote-.pdf\">13-10-02 Bardating och eubatm\u00f6te<\/a><br \/>\n<a href=\"https:\/\/logenexcalibur.se\/wp-content\/uploads\/2022\/10\/13-09-04-Druidstamma-och-eubatmote.pdf\">13-09-04 Druidst\u00e4mma och eubatm\u00f6te<\/a><br \/>\n<a href=\"https:\/\/logenexcalibur.se\/wp-content\/uploads\/2022\/10\/13-09-04-Druidstamma-och-eubatmote-sid-2.pdf\">13-09-04 Druidst\u00e4mma och eubatm\u00f6te sid 2<\/a><br \/>\n<a href=\"https:\/\/logenexcalibur.se\/wp-content\/uploads\/2022\/10\/13-09-04-Druidstamma-och-eubatmote-sid-3.pdf\">13-09-04 Druidst\u00e4mma och eubatm\u00f6te sid 3<\/a><br \/>\n<a href=\"https:\/\/logenexcalibur.se\/wp-content\/uploads\/2022\/10\/13-04-17-Eubatmote-och-stiftelsedag.pdf\">13-04-17 Eubatm\u00f6te och stiftelsedag<\/a><br \/>\n<a href=\"https:\/\/logenexcalibur.se\/wp-content\/uploads\/2022\/10\/13-04-03-Eubatmote-m-reception.pdf\">13-04-03 Eubatm\u00f6te m reception<\/a><br \/>\n<a href=\"https:\/\/logenexcalibur.se\/wp-content\/uploads\/2022\/10\/13-03-06-Druidstamma-med-gradgivning.pdf\">13-03-06 Druidst\u00e4mma med gradgivning<\/a><br \/>\n<a href=\"https:\/\/logenexcalibur.se\/wp-content\/uploads\/2022\/10\/13-02-06-Druidstamma-och-eubatmote-.pdf\">13-02-06 Druidst\u00e4mma och eubatm\u00f6te<\/a>\n\t<h2>2010<\/h2>\n<a href=\"https:\/\/logenexcalibur.se\/wp-content\/uploads\/2022\/10\/10-12-02-Eubatmote.pdf\">10-12-02 Eubatm\u00f6te<\/a><br \/>\n<a href=\"https:\/\/logenexcalibur.se\/wp-content\/uploads\/2022\/10\/10-11-17-Eubatmote-m-reception.pdf\">10-11-17 Eubatm\u00f6te m reception<\/a><br \/>\n<a href=\"https:\/\/logenexcalibur.se\/wp-content\/uploads\/2022\/10\/10-10-06-Bardating-och-Eubatmote.pdf\">10-10-06 Bardating och Eubatm\u00f6te<\/a><br \/>\n<a href=\"https:\/\/logenexcalibur.se\/wp-content\/uploads\/2022\/10\/10-09-01-Eubatmote.pdf\">10-09-01 Eubatm\u00f6te<\/a><br \/>\n<a href=\"https:\/\/logenexcalibur.se\/wp-content\/uploads\/2022\/10\/10-05-19-Utemote.pdf\">10-05-19 Utem\u00f6te<\/a><br \/>\n<a href=\"https:\/\/logenexcalibur.se\/wp-content\/uploads\/2022\/10\/10-04-21-Eubatmote-och-stiftelsedag.pdf\">10-04-21 Eubatm\u00f6te och stiftelsedag<\/a><br \/>\n<a href=\"https:\/\/logenexcalibur.se\/wp-content\/uploads\/2022\/10\/10-04-07-Eubatmote-m-reception.pdf\">10-04-07 Eubatm\u00f6te m reception<\/a><br \/>\n<a href=\"https:\/\/logenexcalibur.se\/wp-content\/uploads\/2022\/11\/10-03-17-Eubatmote-och-ambetsmannainstallation.pdf\">10-03-17 Eubatm\u00f6te och \u00e4mbetsmannainstallation<\/a><br \/>\n<a href=\"https:\/\/logenexcalibur.se\/wp-content\/uploads\/2022\/10\/10-03-03-Druidstamma-och-Eubatmote.pdf\">10-03-03 Druidst\u00e4mma och Eubatm\u00f6te<\/a>\n\t<h2>2011<\/h2>\n<a href=\"https:\/\/logenexcalibur.se\/wp-content\/uploads\/2022\/10\/11-12-06-Eubatmote.pdf\">11-12-06 Eubatm\u00f6te<\/a><br \/>\n<a href=\"https:\/\/logenexcalibur.se\/wp-content\/uploads\/2022\/10\/11-11-16-Eubatmote-m-reception.pdf\">11-11-16 Eubatm\u00f6te m reception<\/a><br \/>\n<a href=\"https:\/\/logenexcalibur.se\/wp-content\/uploads\/2022\/10\/11-11-02-Druidstamma-och-Eubatmote.pdf\">11-11-02 Druidst\u00e4mma och Eubatm\u00f6te<\/a><br \/>\n<a href=\"https:\/\/logenexcalibur.se\/wp-content\/uploads\/2022\/10\/11-10-05-Bardating-och-eubatmote.pdf\">11-10-05 Bardating och eubatm\u00f6te<\/a><br \/>\n<a href=\"https:\/\/logenexcalibur.se\/wp-content\/uploads\/2022\/10\/11-09-07-Druidstamma-och-Eubatmote.pdf\">11-09-07 Druidst\u00e4mma och Eubatm\u00f6te<\/a><br \/>\n<a href=\"https:\/\/logenexcalibur.se\/wp-content\/uploads\/2022\/10\/11-05-04-Eubatmote.pdf\">11-05-04 Eubatm\u00f6te<\/a><br \/>\n<a href=\"https:\/\/logenexcalibur.se\/wp-content\/uploads\/2022\/10\/11-04-20-Eubatmote-och-stiftelsedag.pdf\">11-04-20 Eubatm\u00f6te och stiftelsedag<\/a><br \/>\n<a href=\"https:\/\/logenexcalibur.se\/wp-content\/uploads\/2022\/10\/11-04-20-Eubatmote-och-stiftelsedag2.pdf\">11-04-20 Eubatm\u00f6te och stiftelsedag(2)<\/a><br \/>\n<a href=\"https:\/\/logenexcalibur.se\/wp-content\/uploads\/2022\/10\/11-04-06-Eubatmote-m-reception.pdf\">11-04-06 Eubatm\u00f6te m reception<\/a><br \/>\n<a href=\"https:\/\/logenexcalibur.se\/wp-content\/uploads\/2022\/10\/11-03-02-Druidstamma-och-Eubatmote.pdf\">11-03-02 Druidst\u00e4mma och Eubatm\u00f6te<\/a><br \/>\n<a href=\"https:\/\/logenexcalibur.se\/wp-content\/uploads\/2022\/10\/11-01-19-Bardating-och-eubatmote.pdf\">11-01-19 Bardating och eubatm\u00f6te<\/a>\n\t<h2>2007 &#8211; 2009<\/h2>\n<p><a href=\"https:\/\/logenexcalibur.se\/wp-content\/uploads\/2022\/11\/LJs-referat.pdf\">Lennart Johanssons referat (11 st)<\/a><\/p>\n\n","protected":false},"excerpt":{"rendered":"<p>Mer \u00e4n 15 \u00e5r av logen Excaliburs historia 2026 26-03-04 Eubatm\u00f6te m \u00e4mb.inst 2024 12-06 Eubatm\u00f6te m damer 24-11-06 EU-m\u00f6te 24-10-16 Bardating 24-09-18 Eubatm\u00f6te 24-05-31 Utem\u00f6te 24-04-17 \u00c5rsdag 24-03-20 \u00c4mbetsmannainstallation 24-03-06 Eubatm\u00f6te 24-02-21 Eubatm\u00f6te m rec 24-01-12 Eubatm\u00f6te m rec 2025 25-12-12 Eubatm\u00f6te m godsaker 25-09-26 Eubatm\u00f6te och Druidst\u00e4mma 25-09-03 Eubatm\u00f6te 25-05-29 Terminsavslutning 25-05-07 Druidst\u00e4mma &hellip; <a href=\"https:\/\/logenexcalibur.se\/index.php\/referat\/\" class=\"more-link\">Forts\u00e4tt l\u00e4sa <span class=\"screen-reader-text\">Referat<\/span> <span class=\"meta-nav\">&rarr;<\/span><\/a><\/p>\n","protected":false},"author":2,"featured_media":0,"parent":0,"menu_order":0,"comment_status":"closed","ping_status":"closed","template":"","meta":{"footnotes":""},"class_list":["post-90","page","type-page","status-publish","hentry"],"_links":{"self":[{"href":"https:\/\/logenexcalibur.se\/index.php\/wp-json\/wp\/v2\/pages\/90","targetHints":{"allow":["GET"]}}],"collection":[{"href":"https:\/\/logenexcalibur.se\/index.php\/wp-json\/wp\/v2\/pages"}],"about":[{"href":"https:\/\/logenexcalibur.se\/index.php\/wp-json\/wp\/v2\/types\/page"}],"author":[{"embeddable":true,"href":"https:\/\/logenexcalibur.se\/index.php\/wp-json\/wp\/v2\/users\/2"}],"replies":[{"embeddable":true,"href":"https:\/\/logenexcalibur.se\/index.php\/wp-json\/wp\/v2\/comments?post=90"}],"version-history":[{"count":86,"href":"https:\/\/logenexcalibur.se\/index.php\/wp-json\/wp\/v2\/pages\/90\/revisions"}],"predecessor-version":[{"id":827,"href":"https:\/\/logenexcalibur.se\/index.php\/wp-json\/wp\/v2\/pages\/90\/revisions\/827"}],"wp:attachment":[{"href":"https:\/\/logenexcalibur.se\/index.php\/wp-json\/wp\/v2\/media?parent=90"}],"curies":[{"name":"wp","href":"https:\/\/api.w.org\/{rel}","templated":true}]}}