{"id":558,"date":"2023-09-30T16:23:08","date_gmt":"2023-09-30T14:23:08","guid":{"rendered":"https:\/\/logenexcalibur.se\/?page_id=558"},"modified":"2023-10-03T14:22:37","modified_gmt":"2023-10-03T12:22:37","slug":"bildbevis","status":"publish","type":"page","link":"https:\/\/logenexcalibur.se\/index.php\/bildbevis\/","title":{"rendered":"Bilder"},"content":{"rendered":"\n\n\t\t\t\t<img loading=\"lazy\" decoding=\"async\" src=\"https:\/\/logenexcalibur.se\/wp-content\/uploads\/2023\/10\/Boras-006.jpg\" alt=\"Stiftarbr\u00f6der 2007 \u00d6vre raden: Petri Karhu, \u00c5ke Johansson, Mats Ekman, Lennart Johansson, Morgan Hagberg, H\u00e5kan S\u00f6derberg\nMellanraden: Mats Ljung, Urban Fransson, Per Jennermark, Per Lundgren, Lars Andersson, Tomas Oscarsson, Benny Olofsson, Sven Lagerstr\u00f6m, Lars-Gunnar Dahlin, Torbj\u00f6rn S\u00e4llfors\nSittande: Stefan Claesson, Lars-\u00c5ke Palmqvist, Veine Karlsson, Thomas Bergstr\u00f6m, Bo Mattsson\n\" itemprop=\"image\" height=\"450\" width=\"600\" title=\"Bor\u00e5s 006\" onerror=\"this.style.display='none'\"  \/>\n\t\tStiftarbr\u00f6der 2007 \u00d6vre raden: Petri Karhu, \u00c5ke Johansson, Mats Ekman, Lennart Johansson, Morgan Hagberg, H\u00e5kan S\u00f6derberg\nMellanraden: Mats Ljung, Urban Fransson, Per Jennermark, Per Lundgren, Lars Andersson, Tomas Oscarsson, Benny Olofsson, Sven Lagerstr\u00f6m, Lars-Gunnar Dahlin, Torbj\u00f6rn S\u00e4llfors\nSittande: Stefan Claesson, Lars-\u00c5ke Palmqvist, Veine Karlsson, Thomas Bergstr\u00f6m, Bo Mattsson\n\t<p><strong>\u00c4r du med p\u00e5 bild?<\/strong><\/p>\n<p>P\u00e5 sidan Bildalbum nedan kan du se inte mindre \u00e4n 1157 bilder fr\u00e5n Excaliburs stiftelse till och med 2015.<\/p>\n<p>Bilderna \u00e4r pubicerade p\u00e5 MicroSoft OneDrive av f\u00f6rre Skr Lennart Johansson. De \u00e4r inte redigerade. Fotograf \u00e4r ej angiven.<\/p>\n<p>Sidan \u00e4r l\u00f6senordsskyddad. L\u00f6senordet \u00e4r lika med terminens l\u00f6sen i Eubatgraden.<\/p>\n<p><strong><a href=\"https:\/\/logenexcalibur.se\/index.php\/bildalbum\/\">Bildalbum<\/a><\/strong><\/p>\n\n","protected":false},"excerpt":{"rendered":"<p>Stiftarbr\u00f6der 2007 \u00d6vre raden: Petri Karhu, \u00c5ke Johansson, Mats Ekman, Lennart Johansson, Morgan Hagberg, H\u00e5kan S\u00f6derberg Mellanraden: Mats Ljung, Urban Fransson, Per Jennermark, Per Lundgren, Lars Andersson, Tomas Oscarsson, Benny Olofsson, Sven Lagerstr\u00f6m, Lars-Gunnar Dahlin, Torbj\u00f6rn S\u00e4llfors Sittande: Stefan Claesson, Lars-\u00c5ke Palmqvist, Veine Karlsson, Thomas Bergstr\u00f6m, Bo Mattsson \u00c4r du med p\u00e5 bild? P\u00e5 sidan &hellip; <a href=\"https:\/\/logenexcalibur.se\/index.php\/bildbevis\/\" class=\"more-link\">Forts\u00e4tt l\u00e4sa <span class=\"screen-reader-text\">Bilder<\/span> <span class=\"meta-nav\">&rarr;<\/span><\/a><\/p>\n","protected":false},"author":2,"featured_media":0,"parent":0,"menu_order":0,"comment_status":"closed","ping_status":"closed","template":"","meta":{"footnotes":""},"class_list":["post-558","page","type-page","status-publish","hentry"],"_links":{"self":[{"href":"https:\/\/logenexcalibur.se\/index.php\/wp-json\/wp\/v2\/pages\/558","targetHints":{"allow":["GET"]}}],"collection":[{"href":"https:\/\/logenexcalibur.se\/index.php\/wp-json\/wp\/v2\/pages"}],"about":[{"href":"https:\/\/logenexcalibur.se\/index.php\/wp-json\/wp\/v2\/types\/page"}],"author":[{"embeddable":true,"href":"https:\/\/logenexcalibur.se\/index.php\/wp-json\/wp\/v2\/users\/2"}],"replies":[{"embeddable":true,"href":"https:\/\/logenexcalibur.se\/index.php\/wp-json\/wp\/v2\/comments?post=558"}],"version-history":[{"count":7,"href":"https:\/\/logenexcalibur.se\/index.php\/wp-json\/wp\/v2\/pages\/558\/revisions"}],"predecessor-version":[{"id":586,"href":"https:\/\/logenexcalibur.se\/index.php\/wp-json\/wp\/v2\/pages\/558\/revisions\/586"}],"wp:attachment":[{"href":"https:\/\/logenexcalibur.se\/index.php\/wp-json\/wp\/v2\/media?parent=558"}],"curies":[{"name":"wp","href":"https:\/\/api.w.org\/{rel}","templated":true}]}}