{"id":540,"date":"2023-09-26T17:47:16","date_gmt":"2023-09-26T15:47:16","guid":{"rendered":"https:\/\/logenexcalibur.se\/?page_id=540"},"modified":"2025-12-18T18:31:13","modified_gmt":"2025-12-18T16:31:13","slug":"bli-medlem","status":"publish","type":"page","link":"https:\/\/logenexcalibur.se\/index.php\/bli-medlem\/","title":{"rendered":"Bli medlem"},"content":{"rendered":"\n\n\t\t\t\t<img loading=\"lazy\" decoding=\"async\" src=\"https:\/\/logenexcalibur.se\/wp-content\/uploads\/2023\/09\/Skarmavbild-2023-09-26-kl.-17.46.29.png\" alt=\"Sk\u00e4rmavbild 2023-09-26 kl. 17.46.29\" itemprop=\"image\" height=\"74\" width=\"108\" title=\"Sk\u00e4rmavbild 2023-09-26 kl. 17.46.29\" onerror=\"this.style.display='none'\"  \/>\n\t<p>F\u00f6r att bli upptagen i en av Svenska Druid-Ordens Grundloger kr\u00e4vs f\u00f6ljande:<\/p>\n<ul>\n<li>Den man, som fyllt 21 \u00e5r och \u00e4r svensk medborgare eller \u00e4r i Sverige stadigvarande bosatt, har ordnad ekonomi och genom sin levnadsvandel \u00e5tnjuter medm\u00e4nniskors aktning kan upptagas till Ordensbroder.<\/li>\n<li>Dessutom kr\u00e4vs att den presumtive brodern rekommenderas av tv\u00e5 br\u00f6der inom Logen, s\u00e5 kallade faddrar.<\/li>\n<\/ul>\n<p>Varje broder betalar en medlemsavgift till sin Grundloge. Medlemsavgiftens storlek \u00e4r avh\u00e4ngig de kostnader som Logen har f\u00f6r att bedriva sin verksamhet.<\/p>\n<p>D\u00e4rtill kommer kostnader f\u00f6r m\u00f6teskv\u00e4llarnas m\u00e5ltider, \u00e4ven h\u00e4r varierar kostnaderna mellan olika Loger, men \u00e4ven mellan olika typer av m\u00f6teskv\u00e4llar.<\/p>\n<p>Slutligen \u00e4r varje gradgivning f\u00f6renad med en kostnad, en s\u00e5 kallad gradavgift.<\/p>\n<p>Vi har en \u00e5rsavgift just nu p\u00e5 1 500 kr som t\u00e4cker v\u00e5r lokalhyra, avgift till Orden samt Druidtidningen som kommer 10-12 ggr per \u00e5r. Till detta kommer en liten avgift f\u00f6r en f\u00f6rs\u00e4kring som faller ut vid d\u00f6dsfall till efterlevande, ca 5 000 kr i eng\u00e5ngsers\u00e4ttning. Denna premie varierar n\u00e5got beroende p\u00e5 vilken \u00e5lder man har d\u00e5 man upptas som medlem.<\/p>\n<p>Inget dyrt n\u00f6je med andra ord.<\/p>\n<p>Tveka inte att h\u00f6ra av dig!<\/p>\n<p><a href=\"https:\/\/logenexcalibur.se\/wp-content\/uploads\/2023\/09\/Ansokan-AMICI.pdf\" target=\"_blank\" rel=\"noopener\">Fyll i intr\u00e4desans\u00f6kan<\/a>\u00a0och skicka till<\/p>\nThomas Fogelkvist<br \/>\nNorrgatan 14<br \/>\n506 30 \u00a0Bor\u00e5s\n<p>eller: Skanna din ans\u00f6kan och mejla till<\/p>\n<p>andykroff@gmail.com<\/p>\n<p>eller: Kontakta n\u00e5gon \u00e4mbetsman som du ser under fliken Kontakt.<\/p>\n\n","protected":false},"excerpt":{"rendered":"<p>F\u00f6r att bli upptagen i en av Svenska Druid-Ordens Grundloger kr\u00e4vs f\u00f6ljande: Den man, som fyllt 21 \u00e5r och \u00e4r svensk medborgare eller \u00e4r i Sverige stadigvarande bosatt, har ordnad ekonomi och genom sin levnadsvandel \u00e5tnjuter medm\u00e4nniskors aktning kan upptagas till Ordensbroder. Dessutom kr\u00e4vs att den presumtive brodern rekommenderas av tv\u00e5 br\u00f6der inom Logen, s\u00e5 &hellip; <a href=\"https:\/\/logenexcalibur.se\/index.php\/bli-medlem\/\" class=\"more-link\">Forts\u00e4tt l\u00e4sa <span class=\"screen-reader-text\">Bli medlem<\/span> <span class=\"meta-nav\">&rarr;<\/span><\/a><\/p>\n","protected":false},"author":2,"featured_media":0,"parent":0,"menu_order":0,"comment_status":"closed","ping_status":"closed","template":"","meta":{"footnotes":""},"class_list":["post-540","page","type-page","status-publish","hentry"],"_links":{"self":[{"href":"https:\/\/logenexcalibur.se\/index.php\/wp-json\/wp\/v2\/pages\/540","targetHints":{"allow":["GET"]}}],"collection":[{"href":"https:\/\/logenexcalibur.se\/index.php\/wp-json\/wp\/v2\/pages"}],"about":[{"href":"https:\/\/logenexcalibur.se\/index.php\/wp-json\/wp\/v2\/types\/page"}],"author":[{"embeddable":true,"href":"https:\/\/logenexcalibur.se\/index.php\/wp-json\/wp\/v2\/users\/2"}],"replies":[{"embeddable":true,"href":"https:\/\/logenexcalibur.se\/index.php\/wp-json\/wp\/v2\/comments?post=540"}],"version-history":[{"count":13,"href":"https:\/\/logenexcalibur.se\/index.php\/wp-json\/wp\/v2\/pages\/540\/revisions"}],"predecessor-version":[{"id":816,"href":"https:\/\/logenexcalibur.se\/index.php\/wp-json\/wp\/v2\/pages\/540\/revisions\/816"}],"wp:attachment":[{"href":"https:\/\/logenexcalibur.se\/index.php\/wp-json\/wp\/v2\/media?parent=540"}],"curies":[{"name":"wp","href":"https:\/\/api.w.org\/{rel}","templated":true}]}}