{"id":25,"date":"2022-04-23T15:29:14","date_gmt":"2022-04-23T15:29:14","guid":{"rendered":"https:\/\/logenexcalibur.se\/?page_id=25"},"modified":"2026-03-16T18:12:30","modified_gmt":"2026-03-16T16:12:30","slug":"startsida","status":"publish","type":"page","link":"https:\/\/logenexcalibur.se\/","title":{"rendered":"Startsida"},"content":{"rendered":"\n\n\t<h2>N\u00e4sta m\u00f6te:<\/h2>\n15 april<br \/>\n\u00c5rsdag, frack anbefalles!\n<p>&nbsp;<\/p>\n<p>Alla m\u00f6testider finns inlagda i Mamedo<\/p>\n<p>____________________________________<\/p>\n\t<h2>Senaste nytt<\/h2>\n<p><img loading=\"lazy\" decoding=\"async\" src=\"https:\/\/logenexcalibur.se\/wp-content\/uploads\/2026\/01\/Thomas-o-Anders-1.jpeg\" alt=\"\" width=\"640\" height=\"625\" \/>&#8221;Var det d\u00e4r allt?&#8221; undrar Thomas Bergstr\u00f6m n\u00e4r LV Anders Graff, under \u00f6verinseende av kungaparet, gratulerar Thomas till vinsten i det exklusiva vinlotteriet.<\/p>\n<p>Foto: Bo Johansson<\/p>\n<p>&nbsp;<\/p>\n<p>&nbsp;<\/p>\n<p>&nbsp;<\/p>\n<p>&nbsp;<\/p>\n\t\t\t\t<img decoding=\"async\" src=\"https:\/\/logenexcalibur.se\/wp-content\/plugins\/beaver-builder-lite-version\/img\/pixel.png\" alt=\"\" itemprop=\"image\" onerror=\"this.style.display='none'\"  \/>\n\n","protected":false},"excerpt":{"rendered":"<p>N\u00e4sta m\u00f6te: 15 april \u00c5rsdag, frack anbefalles! &nbsp; Alla m\u00f6testider finns inlagda i Mamedo ____________________________________ Senaste nytt &#8221;Var det d\u00e4r allt?&#8221; undrar Thomas Bergstr\u00f6m n\u00e4r LV Anders Graff, under \u00f6verinseende av kungaparet, gratulerar Thomas till vinsten i det exklusiva vinlotteriet. Foto: Bo Johansson &nbsp; &nbsp; &nbsp; &nbsp;<\/p>\n","protected":false},"author":1,"featured_media":543,"parent":0,"menu_order":0,"comment_status":"closed","ping_status":"closed","template":"","meta":{"footnotes":""},"class_list":["post-25","page","type-page","status-publish","has-post-thumbnail","hentry"],"_links":{"self":[{"href":"https:\/\/logenexcalibur.se\/index.php\/wp-json\/wp\/v2\/pages\/25","targetHints":{"allow":["GET"]}}],"collection":[{"href":"https:\/\/logenexcalibur.se\/index.php\/wp-json\/wp\/v2\/pages"}],"about":[{"href":"https:\/\/logenexcalibur.se\/index.php\/wp-json\/wp\/v2\/types\/page"}],"author":[{"embeddable":true,"href":"https:\/\/logenexcalibur.se\/index.php\/wp-json\/wp\/v2\/users\/1"}],"replies":[{"embeddable":true,"href":"https:\/\/logenexcalibur.se\/index.php\/wp-json\/wp\/v2\/comments?post=25"}],"version-history":[{"count":154,"href":"https:\/\/logenexcalibur.se\/index.php\/wp-json\/wp\/v2\/pages\/25\/revisions"}],"predecessor-version":[{"id":823,"href":"https:\/\/logenexcalibur.se\/index.php\/wp-json\/wp\/v2\/pages\/25\/revisions\/823"}],"wp:featuredmedia":[{"embeddable":true,"href":"https:\/\/logenexcalibur.se\/index.php\/wp-json\/wp\/v2\/media\/543"}],"wp:attachment":[{"href":"https:\/\/logenexcalibur.se\/index.php\/wp-json\/wp\/v2\/media?parent=25"}],"curies":[{"name":"wp","href":"https:\/\/api.w.org\/{rel}","templated":true}]}}